7, 37, 120749
What are the prime factors of 2201051671?
7, 13, 37, 653713
List the prime factors of 1086088323.
3, 281, 1288361
What are the prime factors of 392626945?
5, 379, 207191
What are the prime factors of 152866552?
2, 19, 1005701
List the prime factors of 814620022.
2, 19, 21437369
What are the prime factors of 28143037?
13, 109, 19861
What are the prime factors of 572184734?
2, 11, 19, 149, 9187
List the prime factors of 1132641433.
7, 11, 19, 70381
List the prime factors of 55409915.
5, 11, 421, 2393
What are the prime factors of 133479565?
5, 26695913
List the prime factors of 705991185.
3, 5, 1811, 8663
What are the prime factors of 53175146?
2, 26587573
List the prime factors of 25012445.
5, 5002489
List the prime factors of 297328819.
297328819
What are the prime factors of 366317770?
2, 5, 7, 13, 89, 4523
What are the prime factors of 52950833?
13, 241, 16901
List the prime factors of 636556694.
2, 23, 13838189
What are the prime factors of 464798344?
2, 58099793
What are the prime factors of 2134821221?
13, 164217017
List the prime factors of 2313614112.
2, 3, 73, 330139
List the prime factors of 374241614.
2, 187120807
List the prime factors of 33190446.
2, 3, 443, 12487
List the prime factors of 108684248.
2, 199, 233, 293
List the prime factors of 134857000.
2, 5, 134857
List the prime factors of 2340902671.
23, 43, 2366939
What are the prime factors of 378799920?
2, 3, 5, 73, 7207
What are the prime factors of 211537328?
2, 13221083
List the prime factors of 1209698636.
2, 709, 426551
List the prime factors of 70164359.
19, 409, 9029
What are the prime factors of 75001077?
3, 8333453
List the prime factors of 55264701.
3, 18421567
List the prime factors of 22929710.
2, 5, 701, 3271
What are the prime factors of 91743753?
3, 139, 220009
List the prime factors of 38239119.
3, 4248791
List the prime factors of 1857584348.
2, 43, 10799909
List the prime factors of 10824034.
2, 13, 19, 21911
List the prime factors of 1111303418.
2, 555651709
List the prime factors of 979003754.
2, 163, 3003079
What are the prime factors of 4862968130?
2, 5, 149, 397, 8221
List the prime factors of 243679336.
2, 37, 823241
What are the prime factors of 1319222054?
2, 659611027
What are the prime factors of 144181857?
3, 61, 787879
What are the prime factors of 92327979?
3, 59, 359, 1453
What are the prime factors of 19664766?
2, 3, 11, 99317
What are the prime factors of 1878648666?
2, 3, 313108111
What are the prime factors of 176047863?
3, 19, 3088559
What are the prime factors of 13128012?
2, 3, 17, 19, 1129
What are the prime factors of 556009787?
19, 2447, 11959
List the prime factors of 2091442797.
3, 37, 59, 106451
List the prime factors of 792041177.
1709, 463453
List the prime factors of 43043704.
2, 11, 489133
List the prime factors of 2160641969.
17183, 125743
What are the prime factors of 37115166?
2, 3, 11, 562351
What are the prime factors of 877713612?
2, 3, 179, 401, 1019
List the prime factors of 153362360.
2, 5, 3834059
List the prime factors of 812717078.
2, 1289, 315251
What are the prime factors of 421888403?
47, 8976349
What are the prime factors of 1198101347?
193, 6207779
What are the prime factors of 4176911?
1021, 4091
What are the prime factors of 283010587?
283010587
What are the prime factors of 70509346?
2, 37, 952829
What are the prime factors of 169140352?
2, 1321409
What are the prime factors of 1188774321?
3, 7, 56608301
List the prime factors of 1955809671.
3, 137, 4758661
List the prime factors of 1215350937.
3, 29, 4656517
What are the prime factors of 13595334?
2, 3, 433, 5233
List the prime factors of 577109516.
2, 31, 4654109
What are the prime factors of 41849349?
3, 29, 31, 59, 263
What are the prime factors of 54454952?
2, 47, 251, 577
List the prime factors of 1758312098.
2, 19, 46271371
List the prime factors of 688095581.
688095581
What are the prime factors of 5408146221?
3, 16427, 109741
List the prime factors of 7819783182.
2, 3, 17, 59, 181, 2393
List the prime factors of 314806469.
2467, 127607
List the prime factors of 50442838.
2, 25221419
List the prime factors of 802108379.
41, 2551, 7669
List the prime factors of 26381165.
5, 5276233
What are the prime factors of 209060353?
41, 5099033
List the prime factors of 101075901.
3, 113, 298159
What are the prime factors of 14916907?
41, 47, 7741
List the prime factors of 325256265.
3, 5, 151, 317
List the prime factors of 29845824.
2, 3, 359, 433
List the prime factors of 632064235.
5, 11, 11492077
What are the prime factors of 608742370?
2, 5, 60874237
List the prime factors of 5846305432.
2, 11, 379, 175291
List the prime factors of 763495.
5, 37, 4127
What are the prime factors of 16334642?
2, 19, 409, 1051
What are the prime factors of 32252336?
2, 2015771
List the prime factors of 2094567253.
29, 131, 551347
What are the prime factors of 1524352001?
20983, 72647
What are the prime factors of 892183283?
892183283
List the prime factors of 7876011.
3, 11, 13, 1669
What are the prime factors of 1192139473?
7, 23, 947, 1117
What are the prime factors of 65624868?
2, 3, 409, 4457
List the prime factors of 173109776.
2, 7, 17, 23, 59, 67
What are the prime factors of 227143689?
3, 19, 29, 137413
What are the prime factors of 18208028?
2, 349, 13043
List the prime factors of 453459687.
3, 107, 1412647
What are the prime factors of 410287635?
3, 5, 31, 37, 7949
List the prime factors of 50649340.
2, 5, 7, 51683
What are the prime factors of 5681964434?
2, 17, 281, 594721
List the prime factors of 348943139.
17, 73, 317, 887
List the prime factors of 11877358.
2, 67, 151, 587
List the prime factors of 25524815.
5, 73, 69931
List the prime factors of 3095519912.
2, 71, 101, 53959
List the prime factors of 13986055.
5, 2797211
List the prime factors of 8577519059.
8577519059
What are the prime factors of 1968478119?
3, 241, 33613
What are the prime factors of 400032319?
9283, 43093
List the prime factors of 63874575.
3, 5, 31543
List the prime factors of 531543665.
5, 37, 2873209
What are the prime factors of 774643315?
5, 2897, 53479
What are the prime factors of 44050489?
7, 6292927
What are the prime factors of 1078213791?
3, 233, 1542509
What are the prime factors of 95260414?
2, 19, 127, 19739
List the prime factors of 136410585.
3, 5, 23, 17191
List the prime factors of 861143440.
2, 5, 10764293
What are the prime factors of 712542734?
2, 149, 2391083
What are the prime factors of 258474089?
13309, 19421
List the prime factors of 7158427.
31, 37, 79
List the prime factors of 734060644.
2, 29, 6328109
List the prime factors of 73601026.
2, 36800513
List the prime factors of 1179501877.
3881, 303917
What are the prime factors of 319599744?
2, 3, 832291
List the prime factors of 54492038.
2, 17, 19, 67, 1259
List the prime factors of 72572944.
2, 101, 44909
List the prime factors of 325777169.
325777169
List the prime factors of 772935187.
772935187
What are the prime factors of 4860334556?
2, 7, 11, 15780307
What are the prime factors of 5002802958?
2, 3, 833800493
What are the prime factors of 179053590?
2, 3, 5, 5968453
List the prime factors of 280511996.
2, 41, 1710439
What are the prime factors of 44996349?
3, 23, 652121
List the prime factors of 1846315368.
2, 3, 389, 65921
What are the prime factors of 119626739?
17, 7036867
What are the prime factors of 74624043?
3, 13, 1913437
List the prime factors of 22916039.
383, 59833
List the prime factors of 232955715.
3, 5, 113, 137437
List the prime factors of 1484821773.
3, 67, 107, 2557
What are the prime factors of 407990817?
3, 13, 1162367
What are the prime factors of 42336017?
42336017
What are the prime factors of 1892337447?
3, 7, 11, 13, 48473
What are the prime factors of 645862721?
7, 92266103
What are the prime factors of 999373330?
2, 5, 37, 2701009
What are the prime factors of 2895984563?
283, 10233161
What are the prime factors of 13198971?
3, 71, 61967
List the prime factors of 3819645527.
17, 224685031
List the prime factors of 333668136.
2, 3, 419, 33181
List the prime factors of 885865054.
2, 557, 795211
What are the prime factors of 56561052?
2, 3, 181, 26041
What are the prime factors of 1371068?
2, 31, 11057
What are the prime factors of 167919436?
2, 31, 41, 33029
List